. Let i be y(w). Suppose -2*a - 5*h + 13 + 55 = 0, i*a + 5*h - 97 = 0. What are the prime factors of a?
29
Let u = -24 + 25. What are the prime factors of 118*-4*u/(-8)?
59
Let v(r) = -r**3 - 4*r**2 + 5*r + 7. Let h = -26 + 21. List the prime factors of v(h).
7
Let g = 2763 - 1960. List the prime factors of g.
11, 73
Suppose -1 = 2*t - 5*z - 6, 4*t - 5*z = 5. Suppose k - 23 - 34 = t. Suppose k = 3*s + x, 5*s - 2*x - 3*x - 115 = 0. List the prime factors of s.
2, 5
Let n(k) = -k - 10. Let b be n(-10). Let l(a) = -5 - 11*a + b*a - a + 4*a. What are the prime factors of l(-6)?
43
List the prime factors of (668 + (2 - 4))*(-35)/(-15).
2, 3, 7, 37
Suppose 4*z - 373 = f, 0 = -5*z - 3*f + 7*f + 469. List the prime factors of z.
3, 31
Let x be (1042/(-6) - (-16)/(-12))/(-1). Let v = x - 56. What are the prime factors of v?
7, 17
Suppose 247 = -11*r - 1216. List the prime factors of (-2)/6 - -1 - r/21.
7
Let a(g) = -g**2 + 21*g + 39. Let q be a(13). Let i = q - 85. List the prime factors of i.
2, 29
Suppose 0 = -5*m - 5*k + 137 + 703, -4*m + 3*k + 700 = 0. Let u = m + -122. What are the prime factors of u?
2, 5
Suppose 3*m = 5*v + 2188, -10 + 4 = 3*v. List the prime factors of m.
2, 3, 11
Suppose -2*z = 5*w - 4148, -4*z - 78*w + 76*w + 8312 = 0. What are the prime factors of z?
3, 7, 11
Let u be 2 + (-2 - -111) + 2. Suppose -2*r + u = -45. List the prime factors of r.
79
Let x be -4*(-2)/24*6. Suppose -x*f + 0*b + 54 = -2*b, 0 = 4*f + 4*b - 124. What are the prime factors of f?
29
Let k(r) = r**2 + 4*r + 12. Let y be k(-8). Suppose -2*q = 2*n + y, 2*q + 71 = -4*n - 17. Let f = 60 + n. List the prime factors of f.
2, 19
Let j be (-14)/(-4)*3/(-7)*14. Suppose 0 = -2*m - 11 + 101. Let y = j + m. What are the prime factors of y?
2, 3
Let d = -1515 - -3852. What are the prime factors of d?
3, 19, 41
List the prime factors of (3740/4)/(9/6 - 1).
2, 5, 11, 17
Suppose -4*a - 32 = 4*m, 3*m = -a + 12 - 34. Let p(v) = 3*v**3 - v**3 - 3 - 3*v**3 + 4*v - 6*v**2 - 6. What are the prime factors of p(m)?
2, 3
Suppose 2*h + 2*v + 316 = 5*h, 0 = -2*h - 2*v + 224. Let g = -33 + h. Suppose g = 4*k - 81. What are the prime factors of k?
3, 13
List the prime factors of (-3364)/(-14) - 10/35 - -1.
241
Let q = -101 - -189. Suppose n - 9*n + q = 0. What are the prime factors of n?
11
Suppose -8 = -2*b - 0. Suppose -770 = -5*k + 6*i - 3*i, -k = -b*i - 154. What are the prime factors of k?
2, 7, 11
Suppose 0 = -2*a + 2*q + 2 - 6, 2*a + 3*q = -19. Let w be 3/a + (-108)/(-30). Suppose -5*v + 3*f + 133 = 0, 0 = -w*f - f + 16. List the prime factors of v.
29
Let i = -93 - -113. What are the prime factors of (-2 + 0)*(-1010)/i?
101
Suppose -2*n - 5*j = -1207, -n + 6*j = 7*j - 602. List the prime factors of n.
601
Let x(o) = 3*o + 24. Let p be x(-7). What are the prime factors of 1 + 3 + p + 56?
3, 7
Let a(r) = -r**2 - 71*r - 8. List the prime factors of a(-19).
2, 5, 7
Suppose 0 = -26*y + 31*y - 3*p - 148, -5*y - 2*p + 143 = 0. What are the prime factors of y?
29
Suppose 5*p + y - 14 = 0, 0 = 5*p + 2*y + 11 - 29. Suppose -r = p*r - 234. List the prime factors of r.
2, 3, 13
Suppose -3*j + 5*i = -0*j - 21, -4*i - 12 = 0. Suppose -5*v + 23 = -4*h - j, 0 = -3*v + 5*h + 15. Suppose -v - 14 = -n. What are the prime factors of n?
19
Suppose 3*d - 1093 + 13 = 0. List the prime factors of d.
2, 3, 5
Let v be 3 + -4 - -4 - (-6)/2. Suppose z - v*z = -140. List the prime factors of z.
2, 7
Let v = -14 + 22. Let i = v - 3. Let g(l) = -l + 12. What are the prime factors of g(i)?
7
Suppose m + 2*j + 5 - 2 = 0, m - j = 3. Let f be 1 + -1*(-4 - m). Suppose 4*z + 3*n = 88, -4*n + 22 = z - f*n. List the prime factors of z.
2, 11
Let t(g) = -3*g**3 - 9*g**2 - 4*g + 18. List the prime factors of t(-7).
2, 317
Suppose -4*j = -j - 12. Suppose 3*c - 5*y - 26 = 2*c, -c = -j*y - 28. Let s = -22 + c. List the prime factors of s.
2, 7
Suppose 160 = -61*w + 56*w. Let a = w + 82. List the prime factors of a.
2, 5
Suppose -3*b - 2*r - r = -21, -4*r - 26 = -5*b. Suppose b*j = 2*j + 664. List the prime factors of j.
2, 83
Let y = 855 + -510. What are the prime factors of y?
3, 5, 23
Let r(j) = 36*j + 1. Let p be r(1). Suppose u = -0*k - 4*k - p, 0 = 3*u - 9. What are the prime factors of 3 + 1 + -2 - k?
2, 3
Let w(y) = y**3 - 5*y**2 + 5*y + 2. Let s(o) = o. Let z be s(4). Let u be w(z). Suppose -x - x = -u. List the prime factors of x.
3
Suppose 4*n + 102 = 1542. Suppose -13*k + n = -9*k. Suppose -k = -0*w - 5*w. What are the prime factors of w?
2, 3
Let u = -458 - -860. List the prime factors of u.
2, 3, 67
Let y(q) = 31*q - 3. Let i be y(-1). Let r = i - -56. What are the prime factors of r?
2, 11
Let l(h) = -149*h + 303. List the prime factors of l(-33).
2, 3, 5, 29
Suppose -38341 = -18*m - 5*m. What are the prime factors of m?
1667
Let t = 680 - 662. What are the prime factors of t?
2, 3
Let p(f) = f + 9. Let x be p(-6). Suppose x*t + 4*w = 4*t - 25, 0 = -4*t - w + 185. What are the prime factors of t?
3, 5
Let p(u) be the first derivative of u**2 + 6*u + 1. Suppose 40 = 36*y - 31*y. List the prime factors of p(y).
2, 11
Suppose 2*v - 5*v - 2*z = -531, -z + 713 = 4*v. What are the prime factors of v?
179
Let q = 25 + -13. Suppose -10*h + 4 = -q*h. What are the prime factors of 9 - 7 - h*15?
2
Let k = -129 + 209. Suppose -2*c + k = 2*b, -3*b + 46 = c - 0*b. What are the prime factors of c?
37
Let z(f) = 2*f**2 - 22 - 11*f - f**2 + 0*f**2 + 5. Let w be z(13). Suppose -4*a - 170 = -w*a. List the prime factors of a.
2, 17
Let u = 3 + -1. Suppose u*j = -3*j + 15. Suppose -j*r + 57 = -0*r. List the prime factors of r.
19
Suppose 5*t + 52 + 36 = -2*n, 2*n + 2*t + 82 = 0. Let v = 276 + n. List the prime factors of v.
3, 79
Let v(f) = -4*f**2 - 3*f**3 + f**3 + 3*f**3 + 2*f + 3 - 2*f**3. Suppose 2*w = -2*w - 20. What are the prime factors of v(w)?
2, 3
What are the prime factors of (1960/(-15) - 3)*-3*1?
401
List the prime factors of 1/((-4)/320)*(-894)/24.
2, 5, 149
Let y(u) = u**2 - u - 9. Let c be y(-4). Let m be (-233)/c + (-28)/(-154). Let l = 26 + m. List the prime factors of l.
5
Let d = -55 - -32. Let n(h) = 2*h + 48. What are the prime factors of n(d)?
2
Suppose 3*u - 655 - 272 = 0. What are the prime factors of u?
3, 103
Suppose 3*k = -4*l + 197, 1 = -2*l + 5*k + 132. Let o = -6 + l. What are the prime factors of o?
47
What are the prime factors of (-612)/((4 + -2)*3/(-15))?
2, 3, 5, 17
Suppose 9 = 4*s - 11. Let p(r) be the second derivative of -r**5/20 + r**4/2 - r**3/2 + 5*r**2/2 + r. List the prime factors of p(s).
3, 5
Let v = 142 - 216. Let a = v + 109. What are the prime factors of a?
5, 7
Let b be 46/14 + (-8)/28. Suppose 1 = -2*w + b*u - 11, -2*u = 0. List the prime factors of 1/(-1 - 1)*w.
3
Let u be 99/(-6)*4/3. What are the prime factors of ((0 - -3)*-7)/(2/u)?
3, 7, 11
Let t = -20 + 86. Let d = 212 + t. List the prime factors of d.
2, 139
Let h(i) be the third derivative of -i**5/60 + 5*i**4/6 - 2*i**3 + 11*i**2. What are the prime factors of h(17)?
3, 13
Suppose 251*g - 539 = 258*g. Let p be (-2)/((-1)/(-1))*62. Let v = g - p. List the prime factors of v.
47
Suppose -z + 2*u + 18 - 23 = 0, -2*u - 4 = -4*z. Suppose -k + 603 = z*y - 4*k, -2*k = -y + 202. List the prime factors of y.
2, 5
Suppose -533 - 187 = -8*i. What are the prime factors of 9 + -6 - i/(-1)?
3, 31
Suppose -156*b + 158*b - 1684 = 0. List the prime factors of b.
2, 421
Let h(k) = -3*k**2 - 95*k + 89. List the prime factors of h(-31).
151
Let q(z) = 5*z**2 - 3*z + 1. Let b be q(-3). Suppose -79 = -2*g + b. Suppose 3*n = g - 1. List the prime factors of n.
2, 11
Let y(t) = 50*t**2 + 3*t. Let l be y(-2). Let h = 26 + l. Suppose h = 5*p + 5. What are the prime factors of p?
43
Let p = 157 - -512. What are the prime factors of p?
3, 223
What are the prime factors of (0 + 6/4)*3008/12?
2, 47
Let c = 228 + -408. Let g = -104 - c. List the prime factors of g.
2, 19
Let k(g) = -19 + 13*g**2 + 14*g**2 + 10*g - 2*g - 25*g**2. What are the prime factors of k(-9)?
71
Let h(x) = -x**3 + 6*x**2 + 3*x + 7. Let k be h(6). Let g be 20/6*30/k. Suppose s + 22 = q - 3*s, g*q - 121 = 5*s. List the prime factors of q.
2, 17
Let h(q) = 0*q**2 - 2*q + 5*q**2 - 4*q**2 + 2. Let s be h(-3). Suppose 0 = d - 5*d + 3*g + s, -5*g = -5. List the prime factors o